factor of 8634371?
False
Does 503 divide 56942115?
True
Is 2439 a factor of 2634214643?
False
Does 349 divide 1175887579?
False
Is 42517864 a multiple of 31?
True
Does 15 divide 5626751?
False
Is 87869565 a multiple of 399?
False
Does 14 divide 90175910?
False
Is 2 a factor of 71639362?
True
Is 4213019541 a multiple of 320?
False
Is 1304899632 a multiple of 24?
True
Is 213912195 a multiple of 25?
False
Is 68263029 a multiple of 19?
True
Is 11 a factor of 6212382?
True
Does 11 divide 7724892698?
False
Does 18 divide 3246545?
False
Does 179 divide 354546911?
True
Is 18 a factor of 71120988?
True
Is 6520059 a multiple of 39?
True
Is 82008912 a multiple of 2910?
False
Does 1137 divide 124852481?
False
Is 161 a factor of 39438576?
False
Is 127244304 a multiple of 10?
False
Is 2707 a factor of 359709327?
False
Is 432 a factor of 441023184?
True
Is 221 a factor of 378539139?
False
Is 107 a factor of 829364383?
True
Is 21 a factor of 167700550?
False
Is 74064922 a multiple of 115?
False
Does 5 divide 19666764?
False
Does 1664 divide 320582005?
False
Is 38288880 a multiple of 840?
True
Is 1823 a factor of 120057962?
False
Does 12 divide 609954984?
True
Is 148 a factor of 3438632?
True
Does 37 divide 15357516?
True
Is 488226426 a multiple of 87?
True
Is 347425200 a multiple of 50?
True
Is 213 a factor of 5786188?
False
Does 61 divide 135340612?
False
Is 14 a factor of 18801662?
False
Is 92474077 a multiple of 150?
False
Is 28 a factor of 259045108?
True
Is 2159 a factor of 12019153?
True
Does 1751 divide 1913886775?
True
Does 777 divide 34537650?
True
Does 14 divide 19680477?
False
Is 128909652 a multiple of 450?
False
Is 126460518 a multiple of 1258?
False
Does 826 divide 2828720?
False
Is 4882301 a multiple of 10?
False
Does 54 divide 1561260312?
True
Is 70128680 a multiple of 4?
True
Is 149386903 a multiple of 1489?
True
Is 59 a factor of 56194715?
False
Is 226293725 a multiple of 123?
False
Is 66981629 a multiple of 27?
False
Does 3230 divide 37455080?
True
Does 108 divide 4770528372?
True
Is 30690093 a multiple of 44?
False
Is 2833 a factor of 5393609883?
True
Is 21744260 a multiple of 2119?
False
Is 1522 a factor of 181749538?
False
Is 31237814 a multiple of 85?
False
Is 35008727 a multiple of 28?
False
Is 171 a factor of 239433914?
False
Does 304 divide 43611662?
False
Does 27 divide 22147506?
True
Does 301 divide 9976844?
False
Is 562789760 a multiple of 4160?
True
Is 334 a factor of 1931297218?
True
Is 12 a factor of 17783424?
True
Does 662 divide 367541738?
True
Is 92388013 a multiple of 11?
False
Does 648 divide 2688873408?
True
Is 1466 a factor of 75664658?
True
Does 34 divide 209328547?
False
Is 31341088 a multiple of 736?
True
Does 13 divide 281435786?
False
Does 522 divide 539762616?
True
Is 34 a factor of 281508066?
True
Is 878235866 a multiple of 8315?
False
Is 2725866 a multiple of 858?
True
Is 1382 a factor of 190859728?
True
Is 8288283 a multiple of 156?
False
Is 2527061 a multiple of 49?
False
Is 151 a factor of 1007762524?
True
Is 74184045 a multiple of 5?
True
Is 5 a factor of 318850582?
False
Is 2345622745 a multiple of 3667?
False
Does 291 divide 66409090?
False
Does 40 divide 12207921?
False
Is 203857987 a multiple of 5?
False
Is 221471028 a multiple of 2763?
True
Is 126 a factor of 7270727?
False
Does 48 divide 17762208?
True
Does 120 divide 15949080?
True
Is 158 a factor of 769795274?
False
Does 1394 divide 38406087?
False
Is 396 a factor of 1211081?
False
Does 687 divide 54212544?
True
Does 16 divide 5106809783?
False
Is 21 a factor of 45633798?
True
Is 37673460 a multiple of 12?
True
Is 188469744 a multiple of 302?
True
Is 94 a factor of 41906704?
True
Does 6673 divide 1555792926?
False
Is 3162 a factor of 309562962?
True
Is 1071 a factor of 49083930?
True
Is 750 a factor of 290062500?
True
Does 1135 divide 4525589?
False
Does 2533 divide 247740065?
True
Is 1023 a factor of 1691560291?
False
Does 100 divide 503685100?
True
Is 984 a factor of 2009112587?
False
Is 166713974 a multiple of 218?
True
Is 37134051 a multiple of 327?
False
Is 7074166277 a multiple of 1032?
False
Is 2776158604 a multiple of 4916?
True
Does 42 divide 228955714?
False
Is 9 a factor of 683014427?
False
Is 584 a factor of 18449728?
True
Does 13 divide 1523656550?
True
Is 186742302 a multiple of 370?
False
Is 3105368 a multiple of 644?
True
Is 1985585 a multiple of 1006?
False
Is 3 a factor of 18442360?
False
Is 12 a factor of 58468318?
False
Is 17294812 a multiple of 955?
False
Is 944785969 a multiple of 3080?
False
Does 15 divide 3474728092?
False
Is 176 a factor of 25760592?
True
Is 2093705099 a multiple of 403?
False
Does 13 divide 12221157?
True
Is 8 a factor of 275747609?
False
Does 74 divide 133525822?
True
Is 10377961 a multiple of 70?
False
Is 3549219053 a multiple of 443?
False
Does 192 divide 178420224?
True
Does 38 divide 122256064?
False
Does 323 divide 443763886?
True
Is 3011 a factor of 163701515?
False
Does 42 divide 43730946?
True
Is 8 a factor of 33313659?
False
Is 17 a factor of 34416837?
False
Does 3 divide 11170762?
False
Does 8357 divide 96941200?
True
Is 84 a factor of 19121821?
False
Is 139 a factor of 145221223?
True
Is 45811739 a multiple of 6?
False
Does 2624 divide 128656829?
False
Does 974 divide 851091125?
False
Is 726732509 a multiple of 218?
False
Is 20 a factor of 19799631?
False
Does 343 divide 182398388?
False
Is 18 a factor of 481013740?
False
Does 12 divide 9774036618?
False
Does 201 divide 693340511?
False
Does 3584 divide 256750592?
True
Does 13 divide 406647615?
False
Does 18 divide 1678664286?
True
Does 43 divide 136138731?
True
Does 390 divide 2577735?
False
Is 86260242 a multiple of 1105?
False
Is 11 a factor of 112148715?
False
Does 363 divide 98260758?
False
Is 30006083 a multiple of 1876?
False
Does 2355 divide 11539970?
False
Is 28392361 a multiple of 355?
False
Is 7011036 a multiple of 6?
True
Is 194 a factor of 89435743?
False
Does 455 divide 1334301328?
False
Is 192472298 a multiple of 41?
False
Is 8398384 a multiple of 4?
True
Does 300 divide 17179200?
True
Is 72 a factor of 296444952?
True
Is 150798123 a multiple of 711?
True
Is 62326333 a multiple of 1163?
True
Is 16 a factor of 74659990?
False
Is 55 a factor of 3002120?
True
Is 9 a factor of 637270623?
True
Is 621507760 a multiple of 17?
True
Does 3355 divide 259659208?
False
Is 138597466 a multiple of 2939?
False
Does 76 divide 10297620?
True
Is 53326964 a multiple of 716?
True
Is 167731998 a multiple of 382?
True
Does 23 divide 104584114?
False
Does 9 divide 258069420?
True
Is 15 a factor of 475458960?
True
Is 5017 a factor of 298769488?
False
Is 79607488 a multiple of 279?
False
Is 601722954 a multiple of 912?
False
Does 608 divide 111505427?
False
Is 305019443 a multiple of 157?
True
Is 1184152372 a multiple of 52?
True
Does 216 divide 3014312374?
False
Does 2924 divide 2085035316?
False
Is 5148460 a multiple of 425?
False
Does 9 divide 17989281?
True
Is 2976430287 a multiple of 223?
False
Is 3 a factor of 124602471?
True
Is 22 a factor of 20910597?
False
Is 611045588 a multiple of 3282?
False
Is 378025963 a multiple of 14?
False
Is 70 a factor of 23056040?
True
Is 136394864 a multiple of 120?
False
Is 135136384 a multiple of 41?
False
Does 12 divide 252087156?
True
Does 827 divide 235035131?
False
Is 1684771580 a multiple of 17?
False
Is 390507700 a multiple of 550?
True
Does 142 divide 13125344?
True
Is 2811 a factor of 531570160?
False
Does 24 divide 118939439?
False
Does 2526 divide 196242414?
True
Does 284 divide 15218140?
True
Is 1147 a factor of 7081810962?
False
Does 10 divide 1063650470?
True
Is 19 a factor of 4742510941?
True
Does 403 divide 461219754?
False
Is 25 a factor of 22025325?
True
Is 360080756 a multiple of 116?
False
Is 7399 a factor of 306705099?
False
Is 50143392 a multiple of 21?
False
Is 4213405 a multiple of 1683?
False
Is 93814700 a multiple of 50?
True
Does 3770 divide 57613140?
True
Does 240 divide 658264246?
False
Is 4604904 a multiple of 216?
True
Is 13 a factor of 1252051918?
True
Is 51755530 a multiple of 82?
True
Is 39 a factor of 1421375990?
False
Is 431041 a multiple of 475?
False
Is 21075264 a multiple of 4?
True
Is 599 a factor of 800899137?
False
Does 805 divide 71824747?
False
Is 10614870 a multiple of 